{"id":54,"date":"2015-12-21T11:55:09","date_gmt":"2015-12-21T11:55:09","guid":{"rendered":"https:\/\/agromicrobios.biol.unlp.edu.ar\/?page_id=54"},"modified":"2017-06-26T19:16:45","modified_gmt":"2017-06-26T19:16:45","slug":"cuba","status":"publish","type":"page","link":"https:\/\/agromicrobios.biol.unlp.edu.ar\/?page_id=54","title":{"rendered":"Cuba"},"content":{"rendered":"<h2>MAR\u00cdA CARIDAD N\u00c1POLES<\/h2>\n<p>(<a href=\"mailto:etere@inca.edu.cu\">tere@inca.edu.cu<\/a> \/ <a href=\"mailto:mariacaridad.napoles@gmail.com\">mariacaridad.napoles@gmail.com<\/a>)<\/p>\n<h3>Investigadores a su cargo<\/h3>\n<p><strong>INCA<\/strong><\/p>\n<ul>\n<li>IONEL HERN\u00c1NDEZ (ionel@inca.edu.cu)<\/li>\n<li>BLANCA DE LA NOVAL (bdelanov@inca.edu.cu)<\/li>\n<\/ul>\n<p><strong>INIFAT<\/strong><\/p>\n<ul>\n<li>BERNARDO DIBUT (biofertilizantes@inifat.co.cu)<\/li>\n<li>MARISEL ORTEGA (subdircientifica@inifat.co.cu)<\/li>\n<\/ul>\n<p><strong>IS<\/strong><\/p>\n<ul>\n<li>LUIS G\u00d3MEZ jgomezjo@minag.cu<\/li>\n<li>AMALIA N. MORALES (investigacion4@isuelos.co.cu)<\/li>\n<\/ul>\n<p><strong>UH<\/strong><\/p>\n<ul>\n<li>EDUARDO ORTEGA (eortega@quimica.uh.cu)<\/li>\n<li>MARCIA M. ROJAS (marcia@fbio.uh.cu)<\/li>\n<\/ul>\n<p><strong>UG<\/strong><\/p>\n<ul>\n<li>ERNESTO J. G\u00d3MEZ (egomezp@udg.co.cu)<\/li>\n<\/ul>\n<p><strong>BIOPLANTAS<\/strong><\/p>\n<ul>\n<li>RAYZA GONZ\u00c1LEZ (rgonzalez@bioplantas.cu)<\/li>\n<\/ul>\n<p><strong>ESTACI\u00d3N EXPERIMENTAL DE PASTOS Y FORRAJES SANCTI SP\u00cdRITUS<\/strong><\/p>\n<ul>\n<li>CARLOS J B\u00c9CQUER (pastossp@enet.cu)<\/li>\n<\/ul>\n<p><strong>UNIVERSIDAD DE ORIENTE<\/strong><\/p>\n<ul>\n<li>SUCLEIDIS N\u00c1POLES (sucleidis@uo.edu.cu)<\/li>\n<\/ul>\n","protected":false},"excerpt":{"rendered":"<p>MAR\u00cdA CARIDAD N\u00c1POLES (tere@inca.edu.cu \/ mariacaridad.napoles@gmail.com) Investigadores a su cargo INCA IONEL HERN\u00c1NDEZ (ionel@inca.edu.cu) BLANCA DE LA NOVAL (bdelanov@inca.edu.cu) INIFAT BERNARDO DIBUT (biofertilizantes@inifat.co.cu) MARISEL ORTEGA (subdircientifica@inifat.co.cu) IS LUIS G\u00d3MEZ jgomezjo@minag.cu AMALIA N. MORALES (investigacion4@isuelos.co.cu) UH EDUARDO ORTEGA (eortega@quimica.uh.cu) MARCIA M. ROJAS (marcia@fbio.uh.cu) UG ERNESTO J. G\u00d3MEZ (egomezp@udg.co.cu) BIOPLANTAS RAYZA GONZ\u00c1LEZ (rgonzalez@bioplantas.cu) ESTACI\u00d3N EXPERIMENTAL DE PASTOS <a href=\"https:\/\/agromicrobios.biol.unlp.edu.ar\/?page_id=54\" rel=\"nofollow\"><span class=\"sr-only\">Leer m\u00e1sCuba<\/span>[&hellip;]<\/a><\/p>\n","protected":false},"author":2,"featured_media":0,"parent":40,"menu_order":0,"comment_status":"closed","ping_status":"closed","template":"template-fullwidth.php","meta":{"_bbp_topic_count":0,"_bbp_reply_count":0,"_bbp_total_topic_count":0,"_bbp_total_reply_count":0,"_bbp_voice_count":0,"_bbp_anonymous_reply_count":0,"_bbp_topic_count_hidden":0,"_bbp_reply_count_hidden":0,"_bbp_forum_subforum_count":0},"_links":{"self":[{"href":"https:\/\/agromicrobios.biol.unlp.edu.ar\/index.php?rest_route=\/wp\/v2\/pages\/54"}],"collection":[{"href":"https:\/\/agromicrobios.biol.unlp.edu.ar\/index.php?rest_route=\/wp\/v2\/pages"}],"about":[{"href":"https:\/\/agromicrobios.biol.unlp.edu.ar\/index.php?rest_route=\/wp\/v2\/types\/page"}],"author":[{"embeddable":true,"href":"https:\/\/agromicrobios.biol.unlp.edu.ar\/index.php?rest_route=\/wp\/v2\/users\/2"}],"replies":[{"embeddable":true,"href":"https:\/\/agromicrobios.biol.unlp.edu.ar\/index.php?rest_route=%2Fwp%2Fv2%2Fcomments&post=54"}],"version-history":[{"count":3,"href":"https:\/\/agromicrobios.biol.unlp.edu.ar\/index.php?rest_route=\/wp\/v2\/pages\/54\/revisions"}],"predecessor-version":[{"id":181,"href":"https:\/\/agromicrobios.biol.unlp.edu.ar\/index.php?rest_route=\/wp\/v2\/pages\/54\/revisions\/181"}],"up":[{"embeddable":true,"href":"https:\/\/agromicrobios.biol.unlp.edu.ar\/index.php?rest_route=\/wp\/v2\/pages\/40"}],"wp:attachment":[{"href":"https:\/\/agromicrobios.biol.unlp.edu.ar\/index.php?rest_route=%2Fwp%2Fv2%2Fmedia&parent=54"}],"curies":[{"name":"wp","href":"https:\/\/api.w.org\/{rel}","templated":true}]}}