{"id":60,"date":"2015-12-21T11:56:30","date_gmt":"2015-12-21T11:56:30","guid":{"rendered":"https:\/\/agromicrobios.biol.unlp.edu.ar\/?page_id=60"},"modified":"2015-12-21T11:56:30","modified_gmt":"2015-12-21T11:56:30","slug":"peru","status":"publish","type":"page","link":"https:\/\/agromicrobios.biol.unlp.edu.ar\/?page_id=60","title":{"rendered":"Per\u00fa"},"content":{"rendered":"<h2>DORIS ELIZABETH Z\u00da\u00d1IGA D\u00c1VILA<\/h2>\n<p>(<a href=\"mailto:dzuniga@lamolina.edu.pe\">dzuniga@lamolina.edu.pe<\/a>)<\/p>\n<h3>Investigadores a su cargo<\/h3>\n<p>PDCIB-UNALM<\/p>\n<ul>\n<li>ELENA RAMOS (eramosvasquez@gmail.com)<\/li>\n<li>KATTY OGATA (kogata@lamolina.edu.pe)<\/li>\n<li>MIRIAM MEMENZA (estemir65@gmail.com)<\/li>\n<\/ul>\n<p>UNALM<\/p>\n<ul>\n<li>CAROLINA CHUMPITAZ (cchumpitaz7@gmail.com)<\/li>\n<li>CLAUDIA VALENCIA (claudiav1987@hotmail.com)<\/li>\n<li>DIEGO NIETO (diegonietopalacio@gmail.com)<\/li>\n<li>ITALO VERGANI (italovergani@gmail.com)<\/li>\n<li>JESUS LIRIO (jesus_cpa@hotmail.com)<\/li>\n<li>JESUS MARTIN GUERRA (martin20_15@hotmail.com)<\/li>\n<li>MONICA LICETA (monicaliceta@gmail.com)<\/li>\n<li>PATRICK GONZALES (pgonzalesb@hotmail.com)<\/li>\n<\/ul>\n<p>UNIVERSIDAD SAN CRIST\u00d3BAL DE HUAMANGA-AYACUCHO<\/p>\n<ul>\n<li>NERY SANTILLANA (nerysantillana@yahoo.es)<\/li>\n<\/ul>\n<p>UNIVERSIDAD SAN LUIS GONZAGA DE ICA-ICA<\/p>\n<ul>\n<li>LUZ ESPINOSA (luzesmel@yahoo.es)<\/li>\n<\/ul>\n<p>UNMSM<\/p>\n<ul>\n<li>RICARDO SANTOS (ricardo_santos_m@yahoo.com)<\/li>\n<\/ul>\n<hr \/>\n<h2>JOSU\u00c9 OTONIEL DILAS JIM\u00c9NEZ<\/h2>\n<p>(<a href=\"mailto:najysac@gmail.com\">najysac@gmail.com<\/a>)<\/p>\n<h2>Investigadores a su cargo<\/h2>\n<p>NAJY CONSULTING &amp; BUSINESS SAC<\/p>\n<ul>\n<li>MARCELA NANCY ARTEAGA CUBA (artegacuba@gmail.com)<\/li>\n<li>NORBERTO VILLANUEVA D\u00cdAZ (norvil10@gmail.com)<\/li>\n<\/ul>\n","protected":false},"excerpt":{"rendered":"<p>DORIS ELIZABETH Z\u00da\u00d1IGA D\u00c1VILA (dzuniga@lamolina.edu.pe) Investigadores a su cargo PDCIB-UNALM ELENA RAMOS (eramosvasquez@gmail.com) KATTY OGATA (kogata@lamolina.edu.pe) MIRIAM MEMENZA (estemir65@gmail.com) UNALM CAROLINA CHUMPITAZ (cchumpitaz7@gmail.com) CLAUDIA VALENCIA (claudiav1987@hotmail.com) DIEGO NIETO (diegonietopalacio@gmail.com) ITALO VERGANI (italovergani@gmail.com) JESUS LIRIO (jesus_cpa@hotmail.com) JESUS MARTIN GUERRA (martin20_15@hotmail.com) MONICA LICETA (monicaliceta@gmail.com) PATRICK GONZALES (pgonzalesb@hotmail.com) UNIVERSIDAD SAN CRIST\u00d3BAL DE HUAMANGA-AYACUCHO NERY SANTILLANA (nerysantillana@yahoo.es) UNIVERSIDAD SAN <a href=\"https:\/\/agromicrobios.biol.unlp.edu.ar\/?page_id=60\" rel=\"nofollow\"><span class=\"sr-only\">Leer m\u00e1sPer\u00fa<\/span>[&hellip;]<\/a><\/p>\n","protected":false},"author":2,"featured_media":0,"parent":40,"menu_order":0,"comment_status":"closed","ping_status":"closed","template":"template-fullwidth.php","meta":{"_bbp_topic_count":0,"_bbp_reply_count":0,"_bbp_total_topic_count":0,"_bbp_total_reply_count":0,"_bbp_voice_count":0,"_bbp_anonymous_reply_count":0,"_bbp_topic_count_hidden":0,"_bbp_reply_count_hidden":0,"_bbp_forum_subforum_count":0},"_links":{"self":[{"href":"https:\/\/agromicrobios.biol.unlp.edu.ar\/index.php?rest_route=\/wp\/v2\/pages\/60"}],"collection":[{"href":"https:\/\/agromicrobios.biol.unlp.edu.ar\/index.php?rest_route=\/wp\/v2\/pages"}],"about":[{"href":"https:\/\/agromicrobios.biol.unlp.edu.ar\/index.php?rest_route=\/wp\/v2\/types\/page"}],"author":[{"embeddable":true,"href":"https:\/\/agromicrobios.biol.unlp.edu.ar\/index.php?rest_route=\/wp\/v2\/users\/2"}],"replies":[{"embeddable":true,"href":"https:\/\/agromicrobios.biol.unlp.edu.ar\/index.php?rest_route=%2Fwp%2Fv2%2Fcomments&post=60"}],"version-history":[{"count":1,"href":"https:\/\/agromicrobios.biol.unlp.edu.ar\/index.php?rest_route=\/wp\/v2\/pages\/60\/revisions"}],"predecessor-version":[{"id":61,"href":"https:\/\/agromicrobios.biol.unlp.edu.ar\/index.php?rest_route=\/wp\/v2\/pages\/60\/revisions\/61"}],"up":[{"embeddable":true,"href":"https:\/\/agromicrobios.biol.unlp.edu.ar\/index.php?rest_route=\/wp\/v2\/pages\/40"}],"wp:attachment":[{"href":"https:\/\/agromicrobios.biol.unlp.edu.ar\/index.php?rest_route=%2Fwp%2Fv2%2Fmedia&parent=60"}],"curies":[{"name":"wp","href":"https:\/\/api.w.org\/{rel}","templated":true}]}}